
-5291b
In base 8, what is -112767 - -21461?
-71306
In base 2, what is 11110100110010000111101 + -1?
11110100110010000111100
In base 15, what is -3c - -54003?
53eb6
In base 7, what is 26 - 351453?
-351424
In base 5, what is -1140103 + 134?
-1134414
In base 7, what is 3142665 - -34?
3143032
In base 8, what is 5 - -66652675?
66652702
In base 14, what is -168 + -682bc?
-68446
In base 5, what is 303411 + 33212?
342123
In base 4, what is 113103 + 3003210?
3122313
In base 11, what is 217938 - 97?
217851
In base 10, what is 3 + 13061490?
13061493
In base 11, what is 258 - 4a402?
-4a155
In base 5, what is -44 - -21213320?
21213221
In base 2, what is 1100111010111100001100 - 10101?
1100111010111011110111
In base 10, what is -4896 - -4038?
-858
In base 3, what is -110 - 1221122200002?
-1221122200112
In base 8, what is 515337 + 227?
515566
In base 7, what is 2100451 + -3546?
2063602
In base 8, what is 13 - -343706561?
343706574
In base 10, what is 42 + -12721785?
-12721743
In base 10, what is -9 + 193986?
193977
In base 12, what is 47308929 - 3?
47308926
In base 13, what is 5 - -3a025b1?
3a025b6
In base 10, what is 5714223 + 0?
5714223
In base 12, what is 2b + 3b5376?
3b53a5
In base 5, what is 3412112124 - 1023?
3412111101
In base 8, what is -547 - -175353?
174604
In base 13, what is -1788797 - -3?
-1788794
In base 3, what is -1020002010012012 - -11?
-1020002010012001
In base 14, what is 16db2 - -2c?
17000
In base 11, what is 1537 + 33a?
1876
In base 2, what is -1000001111 - 11010110001?
-100011000000
In base 5, what is 4001333013034 + 10?
4001333013044
In base 15, what is 6e67 - -1dc?
7154
In base 14, what is -7759a - 8d?
-77649
In base 8, what is -1460575 + 3671?
-1454704
In base 10, what is -242755 + -19?
-242774
In base 9, what is 846 + 27437?
28384
In base 12, what is 26 + 8ba85a8?
8ba8612
In base 10, what is 2261500 + -123?
2261377
In base 13, what is -c0905c + -4?
-c09063
In base 13, what is 0 - -3751ab8?
3751ab8
In base 10, what is -2056 - -89981?
87925
In base 14, what is -7433c - 61?
-7439d
In base 7, what is -34203653316 - 5?
-34203653324
In base 7, what is -1014311 - 6411?
-1024022
In base 4, what is -121 + 1022302323121?
1022302323000
In base 16, what is 1bec6 - -1?
1bec7
In base 10, what is 1831142 + 68?
1831210
In base 16, what is 72 - 6da0c?
-6d99a
In base 13, what is bc013 + -494?
bb84c
In base 2, what is -10110101010011010 + 10000100110?
-10110011001110100
In base 15, what is -2505 - -1ba?
-233a
In base 8, what is 2 - -337402052?
337402054
In base 12, what is 36 - 93a2?
-9368
In base 14, what is -3dcd9 + -2a?
-3dd25
In base 8, what is 5 - -16277243?
16277250
In base 9, what is 61615 - -3787?
65513
In base 14, what is -3 + 65636?
65633
In base 16, what is -1369e - -57ea?
-deb4
In base 4, what is -10 + 1033022010012?
1033022010002
In base 11, what is 3730 + -99?
3642
In base 15, what is 4 + 3c68338?
3c6833c
In base 8, what is 2 + 15357733?
15357735
In base 16, what is -6 - 5a8ae12?
-5a8ae18
In base 7, what is 6 + -61111?
-61102
In base 2, what is -10 + -101100110010000000?
-101100110010000010
In base 6, what is -5105 + 231502?
222353
In base 4, what is 11322 + -2121100013?
-2121022031
In base 16, what is 212b + -364?
1dc7
In base 4, what is 21111 + -21313023?
-21231312
In base 4, what is 10 - -112112312103?
112112312113
In base 14, what is -27 + b26ba2?
b26b79
In base 15, what is ae - -10573?
10632
In base 12, what is 9 - 4a5b633?
-4a5b626
In base 5, what is 1231310430 - -43?
1231311023
In base 3, what is 2202200102212120 + -2?
2202200102212111
In base 3, what is 101220 - -10001022?
10110012
In base 6, what is 11 - 5255034?
-5255023
In base 11, what is 1a1aa3a9 + -2?
1a1aa3a7
In base 11, what is -5740 + -1081?
-6811
In base 9, what is -3 + -26723856?
-26723860
In base 8, what is -740 - 77101?
-100041
In base 2, what is -1010101101000 - 10111101100000100?
-11001000001101100
In base 5, what is -1123303 + -2231101?
-3404404
In base 12, what is -13a9 + -18a9?
-3096
In base 6, what is -13331 - -20315?
2544
In base 9, what is -11 + -3742773?
-3742784
In base 13, what is 49b19 - 4?
49b15
In base 5, what is 110 - 12420124?
-12420014
In base 13, what is 3813 + 3b08?
761b
In base 7, what is -6025 + 44611?
35553
In base 11, what is -1100 + 4217?
3117
In base 9, what is 388673 + -363?
388310
In base 10, what is 129 + -711919?
-711790
In base 6, what is -1442353140 + -3?
-1442353143
In base 6, what is -255221 - -30554?
-224223
In base 9, what is -1428283 - -21?
-1428262
In base 6, what is 150 - -2035441?
2040031
In base 6, what is -214131523 - 34?
-214132001
In base 7, what is -1351626 + 55?
-1351541
In base 7, what is 21 - -1455615205?
1455615226
In base 12, what is -b21a + 1460?
-997a
In base 2, what is -11101 - 101010011001001010?
-101010011001100111
In base 5, what is -12 + -141200104410?
-141200104422
In base 13, what is 2a + 1609ac?
160a09
In base 12, what is 1 - -621388?
621389
In base 12, what is -2 + -115b1a04?
-115b1a06
In base 14, what is -20 - 386ab5?
-386ad5
In base 14, what is -45 - b33b9?
-b3420
In base 6, what is -10120 + 12032?
1512
In base 9, what is 203638 - -388?
204137
In base 13, what is -5 + -12a8b6?
-12a8bb
In base 3, what is 10220002 + 11120?
11001122
In base 12, what is 12a + 14463?
14591
In base 10, what is 9 + 1951620?
1951629
In base 13, what is 297ab4c - 2?
297ab4a
In base 3, what is -2210201 + -211?
-2211112
In base 14, what is -1c299 + -14c8?
-1d783
In base 3, what is 20111012000 - 21?
20111011202
In base 15, what is -1607 - 1d?
-1625
In base 4, what is -21222121313 + 2?
-21222121311
In base 12, what is 7a + 207b78?
208036
In base 4, what is -1130 + -10123203?
-10130333
In base 3, what is -10012010200220 + 100?
-10012010200120
In base 16, what is dcd + 118e?
1f5b
In base 5, what is -10242 + 22032432?
22022140
In base 15, what is 1112660 - 24?
111263b
In base 10, what is 0 + -2508606?
-2508606
In base 10, what is -2000 - 243703?
-245703
In base 13, what is 1cbc6 + 44?
1cc3a
In base 4, what is 2012 - -22203123?
22211201
In base 5, what is 131 + 102231110?
102231241
In base 16, what is -1a6adea - -3?
-1a6ade7
In base 15, what is 13e + 17ed?
193c
In base 2, what is 10001111111000101 - 11111001?
10001111011001100
In base 7, what is 103142 - 225?
102614
In base 9, what is 5 - -32137410?
32137415
In base 9, what is -33 - 3363075?
-3363118
In base 7, what is -3163002121 - 5?
-3163002126
In base 15, what is 2026 + 9eb?
2a22
In base 6, what is 15351 + -402022?
-342231
In base 8, what is -12354 - 127153?
-141527
In base 7, what is 16525301346 - 3?
16525301343
In base 13, what is -15 + -2647745?
-264775a
In base 15, what is 0 - -213dc2?
213dc2
In base 11, what is a - -1260a29?
1260a38
In base 8, what is 1525 + -34660?
-33133
In base 14, what is -178 + -4468d4?
-446a6c
In base 15, what is 64 - -20339?
2039d
In base 13, what is 1 + 7356b?
7356c
In base 7, what is 5 - 15214216?
-15214211
In base 9, what is -80 + -4744312?
-4744402
In base 7, what is 625244 + -2502?
622442
In base 16, what is 5 - -10701c?
107021
In base 12, what is -29 + -224873?
-2248a0
In base 12, what is -28b7a02 + 4?
-28b79ba
In base 10, what is -881141 - -1?
-881140
In base 10, what is -343341 - -67?
-343274
In base 16, what is 1c065 + e4?
1c149
In base 7, what is 26 - -1034510015?
1034510044
In base 5, what is 114020010232 + 2?
114020010234
In base 9, what is 53611708 + -10?
53611688
In base 11, what is -33496806 + -4?
-3349680a
In base 5, what is 113244144 + -31?
113244113
In base 16, what is d8 + -3ae86?
-3adae
In base 15, what is -4ed7 + -75b?
-5743
In base 16, what is 256e27 + 5?
256e2c
In base 9, what is 288 - 288587?
-288288
In base 5, what is -12124 - 14431111?
-14443240
In base 9, what is -124246 + 8338?
-114807
In base 14, what is 46dd4227 - -2?
46dd4229
In base 3, what is -2 - 120222120121101?
-120222120121110
In base 11, what is 1 + 239a24?
239a25
In base 2, what is -10111011 - 1011001110000001?
-1011010000111100
In base 7, what is 1 + -51100365?
-51100364
In base 15, what is -c8 + 33eb?
3323
In base 13, what is -c6c24b9 + 5?
-c6c24b4
In base 11, what is -260a + -1444?
-3a53
In base 15, what is -1 + 19b73d6?
19b73d5
In base 3, what is -1002022011121 - -1?
-1002022011120
In base 6, what is -444240 - 44244?
-532524
In base 13, what is -2 - -578935?
